{"id":810,"date":"2019-12-13T09:57:33","date_gmt":"2019-12-13T08:57:33","guid":{"rendered":"https:\/\/amal.si\/geschaefte-autosalone\/"},"modified":"2020-03-25T10:38:53","modified_gmt":"2020-03-25T09:38:53","slug":"geschaefte-autosalone","status":"publish","type":"page","link":"https:\/\/amal.si\/de\/geschaefte-autosalone\/","title":{"rendered":"Gesch\u00e4fte, Autosalone"},"content":{"rendered":"<h2>\n\t\tGesch\u00e4fte, Autosalone\n\t<\/h2>\n\t<table border=\"0\" cellspacing=\"1\" cellpadding=\"1\">\n<tbody>\n<tr>\n<td>\n<h3>AUTOSALONE<\/h3>\n<\/td>\n<td><\/td>\n<\/tr>\n<tr>\n<td>2000<\/td>\n<td>Volvo salon, Brezovica<\/td>\n<\/tr>\n<tr>\n<td>2003<\/td>\n<td>AUTOCOMMERCE, Zagreb<\/td>\n<\/tr>\n<tr>\n<td>2003<\/td>\n<td>RENAULT, Vrhnika<\/td>\n<\/tr>\n<tr>\n<td>2004<\/td>\n<td>Avtosalon, Podgorica, \u010crna Gora<\/td>\n<\/tr>\n<tr>\n<td>\n<h3>GESCHAFTE<\/h3>\n<\/td>\n<td><\/td>\n<\/tr>\n<tr>\n<td>1995-2004<\/td>\n<td>Astra JAMA &#8211; trgovina, Ljubljana<\/td>\n<\/tr>\n<tr>\n<td>2002<\/td>\n<td>HRIBAR &amp; OTROCI, Kranj<\/td>\n<\/tr>\n<tr>\n<td>2002<\/td>\n<td>INTERDISKONT, Ravne na Koro\u0161kem<\/td>\n<\/tr>\n<tr>\n<td>2002<\/td>\n<td>LESNINA, Vi\u017emarje<\/td>\n<\/tr>\n<tr>\n<td>2003<\/td>\n<td>BUTIK AVANTGARDE, Ljubljana<\/td>\n<\/tr>\n<tr>\n<td>2003<\/td>\n<td>LESNINA, Ho\u010de<\/td>\n<\/tr>\n<tr>\n<td>2003<\/td>\n<td>LESNINA TC Zagreb<\/td>\n<\/tr>\n<tr>\n<td>2003<\/td>\n<td>MERKUR, Hudinja<\/td>\n<\/tr>\n<tr>\n<td>2003<\/td>\n<td>MERKUR, Zagreb<\/td>\n<\/tr>\n<tr>\n<td>2003<\/td>\n<td>Ra\u0161ica, salon, BTC Ljubljana<\/td>\n<\/tr>\n<tr>\n<td>2002<\/td>\n<td>SPAR, Slovenija<\/td>\n<\/tr>\n<tr>\n<td>2004<\/td>\n<td>BUTIK SPORTINA, Lesce<\/td>\n<\/tr>\n<tr>\n<td>2004<\/td>\n<td>BUTIK DIADEMA, LJ, ZG, Zadar<\/td>\n<\/tr>\n<tr>\n<td>2005<\/td>\n<td>TU\u0160, Maribor<\/td>\n<\/tr>\n<tr>\n<td>2005<\/td>\n<td>TU\u0160 CASH&amp;CARRY Slovenj Gradec<\/td>\n<\/tr>\n<tr>\n<td>2005<\/td>\n<td>MERKUR TC MOJSTER, Naklo<\/td>\n<\/tr>\n<tr>\n<td>2004<\/td>\n<td>RIKO HI\u0160E, Ribnica<\/td>\n<\/tr>\n<tr>\n<td>2005<\/td>\n<td>TAL, Radomlje<\/td>\n<\/tr>\n<tr>\n<td>2003-2006<\/td>\n<td>BTC, Ljubljana<\/td>\n<\/tr>\n<tr>\n<td>2006<\/td>\n<td>Sportina TALLY WEIJL, Ptuj<\/td>\n<\/tr>\n<tr>\n<td>2007<\/td>\n<td>Sportina TALLY WEIJL, Maribor<\/td>\n<\/tr>\n<tr>\n<td>2007<\/td>\n<td>Sportina TALLY WEIJL, Ljubljana<\/td>\n<\/tr>\n<tr>\n<td>2008<\/td>\n<td>Sportina, TALLY WEIJL, Kranj<\/td>\n<\/tr>\n<tr>\n<td>2006<\/td>\n<td>KZ Medvode, Medvode<\/td>\n<\/tr>\n<tr>\n<td>2006<\/td>\n<td>Trgovina Mavrica, Celje<\/td>\n<\/tr>\n<tr>\n<td>2007<\/td>\n<td>INPOS, Slovenska Bistrica<\/td>\n<\/tr>\n<tr>\n<td>2008<\/td>\n<td>MERCATOR SUPERNOVA Ljubljana<\/td>\n<\/tr>\n<tr>\n<td>2008<\/td>\n<td>TC BEGRAD, \u010crnomelj<\/td>\n<\/tr>\n<tr>\n<td>2008<\/td>\n<td>MERCATOR TC \u0160martinska, Ljubljana<\/td>\n<\/tr>\n<tr>\n<td>2010<\/td>\n<td>TERRA TSO Ig<\/td>\n<\/tr>\n<tr>\n<td>2011<\/td>\n<td>EUROTON SHOWROOM, Ljubljana<\/td>\n<\/tr>\n<tr>\n<td>2011<\/td>\n<td>Ind. prodajalna Peko, Tr\u017ei\u010d<\/td>\n<\/tr>\n<tr>\n<td>2011<\/td>\n<td>TREND MARKETING, Zagorje<\/td>\n<\/tr>\n<tr>\n<td>2013<\/td>\n<td>ERDU FRIZERSKI SALON, Ljubljana<\/td>\n<\/tr>\n<tr>\n<td>2014<\/td>\n<td>SENICA SALON, \u0160entjur<\/td>\n<\/tr>\n<tr>\n<td>2015<\/td>\n<td>LIDL, Maribor<\/td>\n<\/tr>\n<\/tbody>\n<\/table>\n\t\t<h3> Nachfrage<\/h3>\n\t\t<p>Senden Sie uns eine Nachricht und wir werden Ihnen so schnell wie m\u00f6glich antworten!<\/p>\n\t\t\t<a href=\"https:\/\/amal.si\/de\/kontakt\" target=\"_self\" role=\"button\" rel=\"noopener noreferrer\">\n\t\t\t\t\t\t\tKONTAKT\n\t\t\t\t\t<\/a>\n","protected":false},"excerpt":{"rendered":"<p>Gesch\u00e4fte, Autosalone AUTOSALONE 2000 Volvo salon, Brezovica 2003 AUTOCOMMERCE, Zagreb 2003 RENAULT, Vrhnika 2004 Avtosalon, Podgorica, \u010crna Gora GESCHAFTE 1995-2004 Astra JAMA &#8211; trgovina, Ljubljana 2002 HRIBAR &amp; OTROCI, Kranj 2002 INTERDISKONT, Ravne na Koro\u0161kem 2002 LESNINA, Vi\u017emarje 2003 BUTIK AVANTGARDE, Ljubljana 2003 LESNINA, Ho\u010de 2003 LESNINA TC Zagreb 2003 MERKUR, Hudinja 2003 MERKUR, Zagreb&hellip;<\/p>\n","protected":false},"author":1,"featured_media":0,"parent":0,"menu_order":21,"comment_status":"closed","ping_status":"closed","template":"","meta":{"footnotes":""},"class_list":["post-810","page","type-page","status-publish","hentry"],"yoast_head":"<!-- This site is optimized with the Yoast SEO plugin v27.3 - https:\/\/yoast.com\/product\/yoast-seo-wordpress\/ -->\n<title>Gesch\u00e4fte, Autosalone - AMAL d.o.o.<\/title>\n<meta name=\"robots\" content=\"index, follow, max-snippet:-1, max-image-preview:large, max-video-preview:-1\" \/>\n<link rel=\"canonical\" href=\"https:\/\/amal.si\/de\/geschaefte-autosalone\/\" \/>\n<meta property=\"og:locale\" content=\"de_DE\" \/>\n<meta property=\"og:type\" content=\"article\" \/>\n<meta property=\"og:title\" content=\"Gesch\u00e4fte, Autosalone - AMAL d.o.o.\" \/>\n<meta property=\"og:description\" content=\"Gesch\u00e4fte, Autosalone AUTOSALONE 2000 Volvo salon, Brezovica 2003 AUTOCOMMERCE, Zagreb 2003 RENAULT, Vrhnika 2004 Avtosalon, Podgorica, \u010crna Gora GESCHAFTE 1995-2004 Astra JAMA &#8211; trgovina, Ljubljana 2002 HRIBAR &amp; OTROCI, Kranj 2002 INTERDISKONT, Ravne na Koro\u0161kem 2002 LESNINA, Vi\u017emarje 2003 BUTIK AVANTGARDE, Ljubljana 2003 LESNINA, Ho\u010de 2003 LESNINA TC Zagreb 2003 MERKUR, Hudinja 2003 MERKUR, Zagreb&hellip;\" \/>\n<meta property=\"og:url\" content=\"https:\/\/amal.si\/de\/geschaefte-autosalone\/\" \/>\n<meta property=\"og:site_name\" content=\"AMAL d.o.o.\" \/>\n<meta property=\"article:modified_time\" content=\"2020-03-25T09:38:53+00:00\" \/>\n<meta name=\"twitter:card\" content=\"summary_large_image\" \/>\n<meta name=\"twitter:label1\" content=\"Gesch\u00e4tzte Lesezeit\" \/>\n\t<meta name=\"twitter:data1\" content=\"1 Minute\" \/>\n<script type=\"application\/ld+json\" class=\"yoast-schema-graph\">{\"@context\":\"https:\\\/\\\/schema.org\",\"@graph\":[{\"@type\":\"WebPage\",\"@id\":\"https:\\\/\\\/amal.si\\\/de\\\/geschaefte-autosalone\\\/\",\"url\":\"https:\\\/\\\/amal.si\\\/de\\\/geschaefte-autosalone\\\/\",\"name\":\"Gesch\u00e4fte, Autosalone - AMAL d.o.o.\",\"isPartOf\":{\"@id\":\"https:\\\/\\\/amal.si\\\/de\\\/#website\"},\"datePublished\":\"2019-12-13T08:57:33+00:00\",\"dateModified\":\"2020-03-25T09:38:53+00:00\",\"breadcrumb\":{\"@id\":\"https:\\\/\\\/amal.si\\\/de\\\/geschaefte-autosalone\\\/#breadcrumb\"},\"inLanguage\":\"de-DE\",\"potentialAction\":[{\"@type\":\"ReadAction\",\"target\":[\"https:\\\/\\\/amal.si\\\/de\\\/geschaefte-autosalone\\\/\"]}]},{\"@type\":\"BreadcrumbList\",\"@id\":\"https:\\\/\\\/amal.si\\\/de\\\/geschaefte-autosalone\\\/#breadcrumb\",\"itemListElement\":[{\"@type\":\"ListItem\",\"position\":1,\"name\":\"Home\",\"item\":\"https:\\\/\\\/amal.si\\\/de\\\/\"},{\"@type\":\"ListItem\",\"position\":2,\"name\":\"Gesch\u00e4fte, Autosalone\"}]},{\"@type\":\"WebSite\",\"@id\":\"https:\\\/\\\/amal.si\\\/de\\\/#website\",\"url\":\"https:\\\/\\\/amal.si\\\/de\\\/\",\"name\":\"AMAL d.o.o.\",\"description\":\"Proizvodnja, trgovina, storitve, in\u017eeniring\",\"potentialAction\":[{\"@type\":\"SearchAction\",\"target\":{\"@type\":\"EntryPoint\",\"urlTemplate\":\"https:\\\/\\\/amal.si\\\/de\\\/?s={search_term_string}\"},\"query-input\":{\"@type\":\"PropertyValueSpecification\",\"valueRequired\":true,\"valueName\":\"search_term_string\"}}],\"inLanguage\":\"de-DE\"}]}<\/script>\n<!-- \/ Yoast SEO plugin. -->","yoast_head_json":{"title":"Gesch\u00e4fte, Autosalone - AMAL d.o.o.","robots":{"index":"index","follow":"follow","max-snippet":"max-snippet:-1","max-image-preview":"max-image-preview:large","max-video-preview":"max-video-preview:-1"},"canonical":"https:\/\/amal.si\/de\/geschaefte-autosalone\/","og_locale":"de_DE","og_type":"article","og_title":"Gesch\u00e4fte, Autosalone - AMAL d.o.o.","og_description":"Gesch\u00e4fte, Autosalone AUTOSALONE 2000 Volvo salon, Brezovica 2003 AUTOCOMMERCE, Zagreb 2003 RENAULT, Vrhnika 2004 Avtosalon, Podgorica, \u010crna Gora GESCHAFTE 1995-2004 Astra JAMA &#8211; trgovina, Ljubljana 2002 HRIBAR &amp; OTROCI, Kranj 2002 INTERDISKONT, Ravne na Koro\u0161kem 2002 LESNINA, Vi\u017emarje 2003 BUTIK AVANTGARDE, Ljubljana 2003 LESNINA, Ho\u010de 2003 LESNINA TC Zagreb 2003 MERKUR, Hudinja 2003 MERKUR, Zagreb&hellip;","og_url":"https:\/\/amal.si\/de\/geschaefte-autosalone\/","og_site_name":"AMAL d.o.o.","article_modified_time":"2020-03-25T09:38:53+00:00","twitter_card":"summary_large_image","twitter_misc":{"Gesch\u00e4tzte Lesezeit":"1 Minute"},"schema":{"@context":"https:\/\/schema.org","@graph":[{"@type":"WebPage","@id":"https:\/\/amal.si\/de\/geschaefte-autosalone\/","url":"https:\/\/amal.si\/de\/geschaefte-autosalone\/","name":"Gesch\u00e4fte, Autosalone - AMAL d.o.o.","isPartOf":{"@id":"https:\/\/amal.si\/de\/#website"},"datePublished":"2019-12-13T08:57:33+00:00","dateModified":"2020-03-25T09:38:53+00:00","breadcrumb":{"@id":"https:\/\/amal.si\/de\/geschaefte-autosalone\/#breadcrumb"},"inLanguage":"de-DE","potentialAction":[{"@type":"ReadAction","target":["https:\/\/amal.si\/de\/geschaefte-autosalone\/"]}]},{"@type":"BreadcrumbList","@id":"https:\/\/amal.si\/de\/geschaefte-autosalone\/#breadcrumb","itemListElement":[{"@type":"ListItem","position":1,"name":"Home","item":"https:\/\/amal.si\/de\/"},{"@type":"ListItem","position":2,"name":"Gesch\u00e4fte, Autosalone"}]},{"@type":"WebSite","@id":"https:\/\/amal.si\/de\/#website","url":"https:\/\/amal.si\/de\/","name":"AMAL d.o.o.","description":"Proizvodnja, trgovina, storitve, in\u017eeniring","potentialAction":[{"@type":"SearchAction","target":{"@type":"EntryPoint","urlTemplate":"https:\/\/amal.si\/de\/?s={search_term_string}"},"query-input":{"@type":"PropertyValueSpecification","valueRequired":true,"valueName":"search_term_string"}}],"inLanguage":"de-DE"}]}},"jetpack_sharing_enabled":true,"_links":{"self":[{"href":"https:\/\/amal.si\/de\/wp-json\/wp\/v2\/pages\/810","targetHints":{"allow":["GET"]}}],"collection":[{"href":"https:\/\/amal.si\/de\/wp-json\/wp\/v2\/pages"}],"about":[{"href":"https:\/\/amal.si\/de\/wp-json\/wp\/v2\/types\/page"}],"author":[{"embeddable":true,"href":"https:\/\/amal.si\/de\/wp-json\/wp\/v2\/users\/1"}],"replies":[{"embeddable":true,"href":"https:\/\/amal.si\/de\/wp-json\/wp\/v2\/comments?post=810"}],"version-history":[{"count":1,"href":"https:\/\/amal.si\/de\/wp-json\/wp\/v2\/pages\/810\/revisions"}],"predecessor-version":[{"id":1207,"href":"https:\/\/amal.si\/de\/wp-json\/wp\/v2\/pages\/810\/revisions\/1207"}],"wp:attachment":[{"href":"https:\/\/amal.si\/de\/wp-json\/wp\/v2\/media?parent=810"}],"curies":[{"name":"wp","href":"https:\/\/api.w.org\/{rel}","templated":true}]}}

Geschäfte, Autosalone

<h2>
		Geschäfte, Autosalone
	</h2>
	<table border="0" cellspacing="1" cellpadding="1">
<tbody>
<tr>
<td>
<h3>AUTOSALONE</h3>
</td>
<td></td>
</tr>
<tr>
<td>2000</td>
<td>Volvo salon, Brezovica</td>
</tr>
<tr>
<td>2003</td>
<td>AUTOCOMMERCE, Zagreb</td>
</tr>
<tr>
<td>2003</td>
<td>RENAULT, Vrhnika</td>
</tr>
<tr>
<td>2004</td>
<td>Avtosalon, Podgorica, Črna Gora</td>
</tr>
<tr>
<td>
<h3>GESCHAFTE</h3>
</td>
<td></td>
</tr>
<tr>
<td>1995-2004</td>
<td>Astra JAMA &#8211; trgovina, Ljubljana</td>
</tr>
<tr>
<td>2002</td>
<td>HRIBAR &amp; OTROCI, Kranj</td>
</tr>
<tr>
<td>2002</td>
<td>INTERDISKONT, Ravne na Koroškem</td>
</tr>
<tr>
<td>2002</td>
<td>LESNINA, Vižmarje</td>
</tr>
<tr>
<td>2003</td>
<td>BUTIK AVANTGARDE, Ljubljana</td>
</tr>
<tr>
<td>2003</td>
<td>LESNINA, Hoče</td>
</tr>
<tr>
<td>2003</td>
<td>LESNINA TC Zagreb</td>
</tr>
<tr>
<td>2003</td>
<td>MERKUR, Hudinja</td>
</tr>
<tr>
<td>2003</td>
<td>MERKUR, Zagreb</td>
</tr>
<tr>
<td>2003</td>
<td>Rašica, salon, BTC Ljubljana</td>
</tr>
<tr>
<td>2002</td>
<td>SPAR, Slovenija</td>
</tr>
<tr>
<td>2004</td>
<td>BUTIK SPORTINA, Lesce</td>
</tr>
<tr>
<td>2004</td>
<td>BUTIK DIADEMA, LJ, ZG, Zadar</td>
</tr>
<tr>
<td>2005</td>
<td>TUŠ, Maribor</td>
</tr>
<tr>
<td>2005</td>
<td>TUŠ CASH&amp;CARRY Slovenj Gradec</td>
</tr>
<tr>
<td>2005</td>
<td>MERKUR TC MOJSTER, Naklo</td>
</tr>
<tr>
<td>2004</td>
<td>RIKO HIŠE, Ribnica</td>
</tr>
<tr>
<td>2005</td>
<td>TAL, Radomlje</td>
</tr>
<tr>
<td>2003-2006</td>
<td>BTC, Ljubljana</td>
</tr>
<tr>
<td>2006</td>
<td>Sportina TALLY WEIJL, Ptuj</td>
</tr>
<tr>
<td>2007</td>
<td>Sportina TALLY WEIJL, Maribor</td>
</tr>
<tr>
<td>2007</td>
<td>Sportina TALLY WEIJL, Ljubljana</td>
</tr>
<tr>
<td>2008</td>
<td>Sportina, TALLY WEIJL, Kranj</td>
</tr>
<tr>
<td>2006</td>
<td>KZ Medvode, Medvode</td>
</tr>
<tr>
<td>2006</td>
<td>Trgovina Mavrica, Celje</td>
</tr>
<tr>
<td>2007</td>
<td>INPOS, Slovenska Bistrica</td>
</tr>
<tr>
<td>2008</td>
<td>MERCATOR SUPERNOVA Ljubljana</td>
</tr>
<tr>
<td>2008</td>
<td>TC BEGRAD, Črnomelj</td>
</tr>
<tr>
<td>2008</td>
<td>MERCATOR TC Šmartinska, Ljubljana</td>
</tr>
<tr>
<td>2010</td>
<td>TERRA TSO Ig</td>
</tr>
<tr>
<td>2011</td>
<td>EUROTON SHOWROOM, Ljubljana</td>
</tr>
<tr>
<td>2011</td>
<td>Ind. prodajalna Peko, Tržič</td>
</tr>
<tr>
<td>2011</td>
<td>TREND MARKETING, Zagorje</td>
</tr>
<tr>
<td>2013</td>
<td>ERDU FRIZERSKI SALON, Ljubljana</td>
</tr>
<tr>
<td>2014</td>
<td>SENICA SALON, Šentjur</td>
</tr>
<tr>
<td>2015</td>
<td>LIDL, Maribor</td>
</tr>
</tbody>
</table>
		<h3> Nachfrage</h3>
		<p>Senden Sie uns eine Nachricht und wir werden Ihnen so schnell wie möglich antworten!</p>
			<a href="https://amal.si/de/kontakt" target="_self" role="button" rel="noopener noreferrer">
							KONTAKT
					</a>

<p>Geschäfte, Autosalone AUTOSALONE 2000 Volvo salon, Brezovica 2003 AUTOCOMMERCE, Zagreb 2003 RENAULT, Vrhnika 2004 Avtosalon, Podgorica, Črna Gora GESCHAFTE 1995-2004 Astra JAMA &#8211; trgovina, Ljubljana 2002 HRIBAR &amp; OTROCI, Kranj 2002 INTERDISKONT, Ravne na Koroškem 2002 LESNINA, Vižmarje 2003 BUTIK AVANTGARDE, Ljubljana 2003 LESNINA, Hoče 2003 LESNINA TC Zagreb 2003 MERKUR, Hudinja 2003 MERKUR, Zagreb&hellip;</p>

<!-- This site is optimized with the Yoast SEO plugin v27.3 - https://yoast.com/product/yoast-seo-wordpress/ -->
<title>Geschäfte, Autosalone - AMAL d.o.o.</title>
<meta name="robots" content="index, follow, max-snippet:-1, max-image-preview:large, max-video-preview:-1" />
<link rel="canonical" href="https://amal.si/de/geschaefte-autosalone/" />
<meta property="og:locale" content="de_DE" />
<meta property="og:type" content="article" />
<meta property="og:title" content="Geschäfte, Autosalone - AMAL d.o.o." />
<meta property="og:description" content="Geschäfte, Autosalone AUTOSALONE 2000 Volvo salon, Brezovica 2003 AUTOCOMMERCE, Zagreb 2003 RENAULT, Vrhnika 2004 Avtosalon, Podgorica, Črna Gora GESCHAFTE 1995-2004 Astra JAMA &#8211; trgovina, Ljubljana 2002 HRIBAR &amp; OTROCI, Kranj 2002 INTERDISKONT, Ravne na Koroškem 2002 LESNINA, Vižmarje 2003 BUTIK AVANTGARDE, Ljubljana 2003 LESNINA, Hoče 2003 LESNINA TC Zagreb 2003 MERKUR, Hudinja 2003 MERKUR, Zagreb&hellip;" />
<meta property="og:url" content="https://amal.si/de/geschaefte-autosalone/" />
<meta property="og:site_name" content="AMAL d.o.o." />
<meta property="article:modified_time" content="2020-03-25T09:38:53+00:00" />
<meta name="twitter:card" content="summary_large_image" />
<meta name="twitter:label1" content="Geschätzte Lesezeit" />
	<meta name="twitter:data1" content="1 Minute" />
<script type="application/ld+json" class="yoast-schema-graph">{"@context":"https:\/\/schema.org","@graph":[{"@type":"WebPage","@id":"https:\/\/amal.si\/de\/geschaefte-autosalone\/","url":"https:\/\/amal.si\/de\/geschaefte-autosalone\/","name":"Geschäfte, Autosalone - AMAL d.o.o.","isPartOf":{"@id":"https:\/\/amal.si\/de\/#website"},"datePublished":"2019-12-13T08:57:33+00:00","dateModified":"2020-03-25T09:38:53+00:00","breadcrumb":{"@id":"https:\/\/amal.si\/de\/geschaefte-autosalone\/#breadcrumb"},"inLanguage":"de-DE","potentialAction":[{"@type":"ReadAction","target":["https:\/\/amal.si\/de\/geschaefte-autosalone\/"]}]},{"@type":"BreadcrumbList","@id":"https:\/\/amal.si\/de\/geschaefte-autosalone\/#breadcrumb","itemListElement":[{"@type":"ListItem","position":1,"name":"Home","item":"https:\/\/amal.si\/de\/"},{"@type":"ListItem","position":2,"name":"Geschäfte, Autosalone"}]},{"@type":"WebSite","@id":"https:\/\/amal.si\/de\/#website","url":"https:\/\/amal.si\/de\/","name":"AMAL d.o.o.","description":"Proizvodnja, trgovina, storitve, inženiring","potentialAction":[{"@type":"SearchAction","target":{"@type":"EntryPoint","urlTemplate":"https:\/\/amal.si\/de\/?s={search_term_string}"},"query-input":{"@type":"PropertyValueSpecification","valueRequired":true,"valueName":"search_term_string"}}],"inLanguage":"de-DE"}]}</script>
<!-- / Yoast SEO plugin. -->

Geschäfte, Autosalone - AMAL d.o.o.

Geschäfte, Autosalone AUTOSALONE 2000 Volvo salon, Brezovica 2003 AUTOCOMMERCE, Zagreb 2003 RENAULT, Vrhnika 2004 Avtosalon, Podgorica, Črna Gora GESCHAFTE 1995-2004 Astra JAMA &#8211; trgovina, Ljubljana 2002 HRIBAR &amp; OTROCI, Kranj 2002 INTERDISKONT, Ravne na Koroškem 2002 LESNINA, Vižmarje 2003 BUTIK AVANTGARDE, Ljubljana 2003 LESNINA, Hoče 2003 LESNINA TC Zagreb 2003 MERKUR, Hudinja 2003 MERKUR, Zagreb&hellip;

Proizvodnja, trgovina, storitve, inženiring
