{"id":925,"date":"2019-12-13T11:01:47","date_gmt":"2019-12-13T10:01:47","guid":{"rendered":"https:\/\/amal.si\/ekologija-recikliranje-i-oporavak-od-odpada\/"},"modified":"2020-03-25T09:44:47","modified_gmt":"2020-03-25T08:44:47","slug":"ekologija-recikliranje-i-oporavak-od-odpada","status":"publish","type":"page","link":"https:\/\/amal.si\/hr\/ekologija-recikliranje-i-oporavak-od-odpada\/","title":{"rendered":"Ekologija, recikliranje i oporavak od odpada"},"content":{"rendered":"<h2>\n\t\tEkologija, recikliranje i oporavak od odpada\n\t<\/h2>\n\t<table border=\"0\" cellspacing=\"1\" cellpadding=\"1\">\n<tbody>\n<tr>\n<td>2006<\/td>\n<td>DINOS, Ljubljana \u010crnu\u010de<\/td>\n<\/tr>\n<tr>\n<td>2006<\/td>\n<td>EKOLOGIJA, \u0160kofja loka<\/td>\n<\/tr>\n<tr>\n<td>2006<\/td>\n<td>\u010cISTILNA NAPRAVA, Bled<\/td>\n<\/tr>\n<tr>\n<td>2009\/2010<\/td>\n<td>\u010cISTILNA NAPRAVA LJ-BARJE<\/td>\n<\/tr>\n<tr>\n<td>2010<\/td>\n<td>SOTOM Ljubljana<\/td>\n<\/tr>\n<tr>\n<td>2010<\/td>\n<td>KOMUNALA, Nova Gorica<\/td>\n<\/tr>\n<tr>\n<td>2010<\/td>\n<td>NT LOGISTIKA Komenda<\/td>\n<\/tr>\n<tr>\n<td>2011<\/td>\n<td>\u010cISTILNA NAPRAVA, \u010crnomelj<\/td>\n<\/tr>\n<tr>\n<td>2012<\/td>\n<td>SNAGA, Ljubljana<\/td>\n<\/tr>\n<tr>\n<td>2014<\/td>\n<td>\u010cN \u017dELEZNIKI<\/td>\n<\/tr>\n<tr>\n<td>2015<\/td>\n<td>\u010cN LOGATEC<\/td>\n<\/tr>\n<tr>\n<td>2015-2016<\/td>\n<td>CERO LJUBLJANA BARJE<\/td>\n<\/tr>\n<tr>\n<td>2015<\/td>\n<td>\u010cN NOVO MESTO<\/td>\n<\/tr>\n<tr>\n<td>2015<\/td>\n<td>SNAGA MARIBOR<\/td>\n<\/tr>\n<\/tbody>\n<\/table>\n\t\t<h3>Potra\u017enja<\/h3>\n\t\t<p>Po\u0161aljite nam poruku i rado \u0107emo odgovoriti \u0161to je prije mogu\u0107e!<\/p>\n\t\t\t<a href=\"https:\/\/amal.si\/hr\/kontakt\/\" target=\"_self\" role=\"button\" rel=\"noopener noreferrer\">\n\t\t\t\t\t\t\tKONTAKT\n\t\t\t\t\t<\/a>\n","protected":false},"excerpt":{"rendered":"<p>Ekologija, recikliranje i oporavak od odpada 2006 DINOS, Ljubljana \u010crnu\u010de 2006 EKOLOGIJA, \u0160kofja loka 2006 \u010cISTILNA NAPRAVA, Bled 2009\/2010 \u010cISTILNA NAPRAVA LJ-BARJE 2010 SOTOM Ljubljana 2010 KOMUNALA, Nova Gorica 2010 NT LOGISTIKA Komenda 2011 \u010cISTILNA NAPRAVA, \u010crnomelj 2012 SNAGA, Ljubljana 2014 \u010cN \u017dELEZNIKI 2015 \u010cN LOGATEC 2015-2016 CERO LJUBLJANA BARJE 2015 \u010cN NOVO MESTO 2015&hellip;<\/p>\n","protected":false},"author":1,"featured_media":0,"parent":0,"menu_order":29,"comment_status":"closed","ping_status":"closed","template":"","meta":{"footnotes":""},"class_list":["post-925","page","type-page","status-publish","hentry"],"yoast_head":"<!-- This site is optimized with the Yoast SEO plugin v27.3 - https:\/\/yoast.com\/product\/yoast-seo-wordpress\/ -->\n<title>Ekologija, recikliranje i oporavak od odpada - AMAL d.o.o.<\/title>\n<meta name=\"robots\" content=\"index, follow, max-snippet:-1, max-image-preview:large, max-video-preview:-1\" \/>\n<link rel=\"canonical\" href=\"https:\/\/amal.si\/hr\/ekologija-recikliranje-i-oporavak-od-odpada\/\" \/>\n<meta property=\"og:locale\" content=\"hr_HR\" \/>\n<meta property=\"og:type\" content=\"article\" \/>\n<meta property=\"og:title\" content=\"Ekologija, recikliranje i oporavak od odpada - AMAL d.o.o.\" \/>\n<meta property=\"og:description\" content=\"Ekologija, recikliranje i oporavak od odpada 2006 DINOS, Ljubljana \u010crnu\u010de 2006 EKOLOGIJA, \u0160kofja loka 2006 \u010cISTILNA NAPRAVA, Bled 2009\/2010 \u010cISTILNA NAPRAVA LJ-BARJE 2010 SOTOM Ljubljana 2010 KOMUNALA, Nova Gorica 2010 NT LOGISTIKA Komenda 2011 \u010cISTILNA NAPRAVA, \u010crnomelj 2012 SNAGA, Ljubljana 2014 \u010cN \u017dELEZNIKI 2015 \u010cN LOGATEC 2015-2016 CERO LJUBLJANA BARJE 2015 \u010cN NOVO MESTO 2015&hellip;\" \/>\n<meta property=\"og:url\" content=\"https:\/\/amal.si\/hr\/ekologija-recikliranje-i-oporavak-od-odpada\/\" \/>\n<meta property=\"og:site_name\" content=\"AMAL d.o.o.\" \/>\n<meta property=\"article:modified_time\" content=\"2020-03-25T08:44:47+00:00\" \/>\n<meta name=\"twitter:card\" content=\"summary_large_image\" \/>\n<script type=\"application\/ld+json\" class=\"yoast-schema-graph\">{\"@context\":\"https:\\\/\\\/schema.org\",\"@graph\":[{\"@type\":\"WebPage\",\"@id\":\"https:\\\/\\\/amal.si\\\/hr\\\/ekologija-recikliranje-i-oporavak-od-odpada\\\/\",\"url\":\"https:\\\/\\\/amal.si\\\/hr\\\/ekologija-recikliranje-i-oporavak-od-odpada\\\/\",\"name\":\"Ekologija, recikliranje i oporavak od odpada - AMAL d.o.o.\",\"isPartOf\":{\"@id\":\"https:\\\/\\\/amal.si\\\/hr\\\/#website\"},\"datePublished\":\"2019-12-13T10:01:47+00:00\",\"dateModified\":\"2020-03-25T08:44:47+00:00\",\"breadcrumb\":{\"@id\":\"https:\\\/\\\/amal.si\\\/hr\\\/ekologija-recikliranje-i-oporavak-od-odpada\\\/#breadcrumb\"},\"inLanguage\":\"hr\",\"potentialAction\":[{\"@type\":\"ReadAction\",\"target\":[\"https:\\\/\\\/amal.si\\\/hr\\\/ekologija-recikliranje-i-oporavak-od-odpada\\\/\"]}]},{\"@type\":\"BreadcrumbList\",\"@id\":\"https:\\\/\\\/amal.si\\\/hr\\\/ekologija-recikliranje-i-oporavak-od-odpada\\\/#breadcrumb\",\"itemListElement\":[{\"@type\":\"ListItem\",\"position\":1,\"name\":\"Home\",\"item\":\"https:\\\/\\\/amal.si\\\/hr\\\/\"},{\"@type\":\"ListItem\",\"position\":2,\"name\":\"Ekologija, recikliranje i oporavak od odpada\"}]},{\"@type\":\"WebSite\",\"@id\":\"https:\\\/\\\/amal.si\\\/hr\\\/#website\",\"url\":\"https:\\\/\\\/amal.si\\\/hr\\\/\",\"name\":\"AMAL d.o.o.\",\"description\":\"Proizvodnja, trgovina, storitve, in\u017eeniring\",\"potentialAction\":[{\"@type\":\"SearchAction\",\"target\":{\"@type\":\"EntryPoint\",\"urlTemplate\":\"https:\\\/\\\/amal.si\\\/hr\\\/?s={search_term_string}\"},\"query-input\":{\"@type\":\"PropertyValueSpecification\",\"valueRequired\":true,\"valueName\":\"search_term_string\"}}],\"inLanguage\":\"hr\"}]}<\/script>\n<!-- \/ Yoast SEO plugin. -->","yoast_head_json":{"title":"Ekologija, recikliranje i oporavak od odpada - AMAL d.o.o.","robots":{"index":"index","follow":"follow","max-snippet":"max-snippet:-1","max-image-preview":"max-image-preview:large","max-video-preview":"max-video-preview:-1"},"canonical":"https:\/\/amal.si\/hr\/ekologija-recikliranje-i-oporavak-od-odpada\/","og_locale":"hr_HR","og_type":"article","og_title":"Ekologija, recikliranje i oporavak od odpada - AMAL d.o.o.","og_description":"Ekologija, recikliranje i oporavak od odpada 2006 DINOS, Ljubljana \u010crnu\u010de 2006 EKOLOGIJA, \u0160kofja loka 2006 \u010cISTILNA NAPRAVA, Bled 2009\/2010 \u010cISTILNA NAPRAVA LJ-BARJE 2010 SOTOM Ljubljana 2010 KOMUNALA, Nova Gorica 2010 NT LOGISTIKA Komenda 2011 \u010cISTILNA NAPRAVA, \u010crnomelj 2012 SNAGA, Ljubljana 2014 \u010cN \u017dELEZNIKI 2015 \u010cN LOGATEC 2015-2016 CERO LJUBLJANA BARJE 2015 \u010cN NOVO MESTO 2015&hellip;","og_url":"https:\/\/amal.si\/hr\/ekologija-recikliranje-i-oporavak-od-odpada\/","og_site_name":"AMAL d.o.o.","article_modified_time":"2020-03-25T08:44:47+00:00","twitter_card":"summary_large_image","schema":{"@context":"https:\/\/schema.org","@graph":[{"@type":"WebPage","@id":"https:\/\/amal.si\/hr\/ekologija-recikliranje-i-oporavak-od-odpada\/","url":"https:\/\/amal.si\/hr\/ekologija-recikliranje-i-oporavak-od-odpada\/","name":"Ekologija, recikliranje i oporavak od odpada - AMAL d.o.o.","isPartOf":{"@id":"https:\/\/amal.si\/hr\/#website"},"datePublished":"2019-12-13T10:01:47+00:00","dateModified":"2020-03-25T08:44:47+00:00","breadcrumb":{"@id":"https:\/\/amal.si\/hr\/ekologija-recikliranje-i-oporavak-od-odpada\/#breadcrumb"},"inLanguage":"hr","potentialAction":[{"@type":"ReadAction","target":["https:\/\/amal.si\/hr\/ekologija-recikliranje-i-oporavak-od-odpada\/"]}]},{"@type":"BreadcrumbList","@id":"https:\/\/amal.si\/hr\/ekologija-recikliranje-i-oporavak-od-odpada\/#breadcrumb","itemListElement":[{"@type":"ListItem","position":1,"name":"Home","item":"https:\/\/amal.si\/hr\/"},{"@type":"ListItem","position":2,"name":"Ekologija, recikliranje i oporavak od odpada"}]},{"@type":"WebSite","@id":"https:\/\/amal.si\/hr\/#website","url":"https:\/\/amal.si\/hr\/","name":"AMAL d.o.o.","description":"Proizvodnja, trgovina, storitve, in\u017eeniring","potentialAction":[{"@type":"SearchAction","target":{"@type":"EntryPoint","urlTemplate":"https:\/\/amal.si\/hr\/?s={search_term_string}"},"query-input":{"@type":"PropertyValueSpecification","valueRequired":true,"valueName":"search_term_string"}}],"inLanguage":"hr"}]}},"jetpack_sharing_enabled":true,"_links":{"self":[{"href":"https:\/\/amal.si\/hr\/wp-json\/wp\/v2\/pages\/925","targetHints":{"allow":["GET"]}}],"collection":[{"href":"https:\/\/amal.si\/hr\/wp-json\/wp\/v2\/pages"}],"about":[{"href":"https:\/\/amal.si\/hr\/wp-json\/wp\/v2\/types\/page"}],"author":[{"embeddable":true,"href":"https:\/\/amal.si\/hr\/wp-json\/wp\/v2\/users\/1"}],"replies":[{"embeddable":true,"href":"https:\/\/amal.si\/hr\/wp-json\/wp\/v2\/comments?post=925"}],"version-history":[{"count":1,"href":"https:\/\/amal.si\/hr\/wp-json\/wp\/v2\/pages\/925\/revisions"}],"predecessor-version":[{"id":1134,"href":"https:\/\/amal.si\/hr\/wp-json\/wp\/v2\/pages\/925\/revisions\/1134"}],"wp:attachment":[{"href":"https:\/\/amal.si\/hr\/wp-json\/wp\/v2\/media?parent=925"}],"curies":[{"name":"wp","href":"https:\/\/api.w.org\/{rel}","templated":true}]}}

<h2>
		Ekologija, recikliranje i oporavak od odpada
	</h2>
	<table border="0" cellspacing="1" cellpadding="1">
<tbody>
<tr>
<td>2006</td>
<td>DINOS, Ljubljana Črnuče</td>
</tr>
<tr>
<td>2006</td>
<td>EKOLOGIJA, Škofja loka</td>
</tr>
<tr>
<td>2006</td>
<td>ČISTILNA NAPRAVA, Bled</td>
</tr>
<tr>
<td>2009/2010</td>
<td>ČISTILNA NAPRAVA LJ-BARJE</td>
</tr>
<tr>
<td>2010</td>
<td>SOTOM Ljubljana</td>
</tr>
<tr>
<td>2010</td>
<td>KOMUNALA, Nova Gorica</td>
</tr>
<tr>
<td>2010</td>
<td>NT LOGISTIKA Komenda</td>
</tr>
<tr>
<td>2011</td>
<td>ČISTILNA NAPRAVA, Črnomelj</td>
</tr>
<tr>
<td>2012</td>
<td>SNAGA, Ljubljana</td>
</tr>
<tr>
<td>2014</td>
<td>ČN ŽELEZNIKI</td>
</tr>
<tr>
<td>2015</td>
<td>ČN LOGATEC</td>
</tr>
<tr>
<td>2015-2016</td>
<td>CERO LJUBLJANA BARJE</td>
</tr>
<tr>
<td>2015</td>
<td>ČN NOVO MESTO</td>
</tr>
<tr>
<td>2015</td>
<td>SNAGA MARIBOR</td>
</tr>
</tbody>
</table>
		<h3>Potražnja</h3>
		<p>Pošaljite nam poruku i rado ćemo odgovoriti što je prije moguće!</p>
			<a href="https://amal.si/hr/kontakt/" target="_self" role="button" rel="noopener noreferrer">
							KONTAKT
					</a>

<p>Ekologija, recikliranje i oporavak od odpada 2006 DINOS, Ljubljana Črnuče 2006 EKOLOGIJA, Škofja loka 2006 ČISTILNA NAPRAVA, Bled 2009/2010 ČISTILNA NAPRAVA LJ-BARJE 2010 SOTOM Ljubljana 2010 KOMUNALA, Nova Gorica 2010 NT LOGISTIKA Komenda 2011 ČISTILNA NAPRAVA, Črnomelj 2012 SNAGA, Ljubljana 2014 ČN ŽELEZNIKI 2015 ČN LOGATEC 2015-2016 CERO LJUBLJANA BARJE 2015 ČN NOVO MESTO 2015&hellip;</p>

<!-- This site is optimized with the Yoast SEO plugin v27.3 - https://yoast.com/product/yoast-seo-wordpress/ -->
<title>Ekologija, recikliranje i oporavak od odpada - AMAL d.o.o.</title>
<meta name="robots" content="index, follow, max-snippet:-1, max-image-preview:large, max-video-preview:-1" />
<link rel="canonical" href="https://amal.si/hr/ekologija-recikliranje-i-oporavak-od-odpada/" />
<meta property="og:locale" content="hr_HR" />
<meta property="og:type" content="article" />
<meta property="og:title" content="Ekologija, recikliranje i oporavak od odpada - AMAL d.o.o." />
<meta property="og:description" content="Ekologija, recikliranje i oporavak od odpada 2006 DINOS, Ljubljana Črnuče 2006 EKOLOGIJA, Škofja loka 2006 ČISTILNA NAPRAVA, Bled 2009/2010 ČISTILNA NAPRAVA LJ-BARJE 2010 SOTOM Ljubljana 2010 KOMUNALA, Nova Gorica 2010 NT LOGISTIKA Komenda 2011 ČISTILNA NAPRAVA, Črnomelj 2012 SNAGA, Ljubljana 2014 ČN ŽELEZNIKI 2015 ČN LOGATEC 2015-2016 CERO LJUBLJANA BARJE 2015 ČN NOVO MESTO 2015&hellip;" />
<meta property="og:url" content="https://amal.si/hr/ekologija-recikliranje-i-oporavak-od-odpada/" />
<meta property="og:site_name" content="AMAL d.o.o." />
<meta property="article:modified_time" content="2020-03-25T08:44:47+00:00" />
<meta name="twitter:card" content="summary_large_image" />
<script type="application/ld+json" class="yoast-schema-graph">{"@context":"https:\/\/schema.org","@graph":[{"@type":"WebPage","@id":"https:\/\/amal.si\/hr\/ekologija-recikliranje-i-oporavak-od-odpada\/","url":"https:\/\/amal.si\/hr\/ekologija-recikliranje-i-oporavak-od-odpada\/","name":"Ekologija, recikliranje i oporavak od odpada - AMAL d.o.o.","isPartOf":{"@id":"https:\/\/amal.si\/hr\/#website"},"datePublished":"2019-12-13T10:01:47+00:00","dateModified":"2020-03-25T08:44:47+00:00","breadcrumb":{"@id":"https:\/\/amal.si\/hr\/ekologija-recikliranje-i-oporavak-od-odpada\/#breadcrumb"},"inLanguage":"hr","potentialAction":[{"@type":"ReadAction","target":["https:\/\/amal.si\/hr\/ekologija-recikliranje-i-oporavak-od-odpada\/"]}]},{"@type":"BreadcrumbList","@id":"https:\/\/amal.si\/hr\/ekologija-recikliranje-i-oporavak-od-odpada\/#breadcrumb","itemListElement":[{"@type":"ListItem","position":1,"name":"Home","item":"https:\/\/amal.si\/hr\/"},{"@type":"ListItem","position":2,"name":"Ekologija, recikliranje i oporavak od odpada"}]},{"@type":"WebSite","@id":"https:\/\/amal.si\/hr\/#website","url":"https:\/\/amal.si\/hr\/","name":"AMAL d.o.o.","description":"Proizvodnja, trgovina, storitve, inženiring","potentialAction":[{"@type":"SearchAction","target":{"@type":"EntryPoint","urlTemplate":"https:\/\/amal.si\/hr\/?s={search_term_string}"},"query-input":{"@type":"PropertyValueSpecification","valueRequired":true,"valueName":"search_term_string"}}],"inLanguage":"hr"}]}</script>
<!-- / Yoast SEO plugin. -->

Ekologija, recikliranje i oporavak od odpada 2006 DINOS, Ljubljana Črnuče 2006 EKOLOGIJA, Škofja loka 2006 ČISTILNA NAPRAVA, Bled 2009/2010 ČISTILNA NAPRAVA LJ-BARJE 2010 SOTOM Ljubljana 2010 KOMUNALA, Nova Gorica 2010 NT LOGISTIKA Komenda 2011 ČISTILNA NAPRAVA, Črnomelj 2012 SNAGA, Ljubljana 2014 ČN ŽELEZNIKI 2015 ČN LOGATEC 2015-2016 CERO LJUBLJANA BARJE 2015 ČN NOVO MESTO 2015&hellip;

Proizvodnja, trgovina, storitve, inženiring
